rue
Is 18833 a composite number?
True
Is 427135 a prime number?
False
Is 6007 composite?
False
Is 5801 a prime number?
True
Is 281381 composite?
False
Is 23789 a prime number?
True
Is 37419 composite?
True
Is 67843 prime?
True
Is 6103 prime?
False
Is 39019 prime?
True
Is 14963 a composite number?
True
Is 18119 prime?
True
Is 172841 a composite number?
True
Is 478157 composite?
False
Is 3817 composite?
True
Is 854057 prime?
False
Is 247259 a composite number?
False
Is 425309 a prime number?
True
Is 12713 a composite number?
False
Is 165218 composite?
True
Is 29371 a composite number?
True
Is 971 a composite number?
False
Is 4441 a prime number?
True
Is 6937 composite?
True
Is 211931 a composite number?
False
Is 619 prime?
True
Is 843607 prime?
True
Is 19 a composite number?
False
Is 12587 prime?
False
Is 6887 composite?
True
Is 183873 a prime number?
False
Is 1117 composite?
False
Is 72115 a composite number?
True
Is 27887 prime?
False
Is 1198777 a prime number?
False
Is 84047 composite?
False
Is 30869 a composite number?
False
Is 391159 a composite number?
False
Is 3037 composite?
False
Is 1841 prime?
False
Is 107791 a composite number?
False
Is 7603 composite?
False
Is 105467 a prime number?
True
Is 145661 composite?
False
Is 18013 prime?
True
Is 144553 composite?
True
Is 3869 a prime number?
False
Is 1009 a prime number?
True
Is 5793 a composite number?
True
Is 171037 a composite number?
True
Is 6679 a composite number?
False
Is 5195 a composite number?
True
Is 3457 prime?
True
Is 5106887 prime?
False
Is 1104177 prime?
False
Is 136553 a prime number?
False
Is 394099 a composite number?
False
Is 23105 a composite number?
True
Is 82055 composite?
True
Is 395917 prime?
False
Is 62779 prime?
False
Is 76163 a prime number?
True
Is 32183 prime?
True
Is 101681 a composite number?
False
Is 38543 prime?
True
Is 56369 a prime number?
True
Is 15299 a composite number?
False
Is 14591 prime?
True
Is 174929 prime?
True
Is 5141 a prime number?
False
Is 89221 composite?
True
Is 12841 prime?
True
Is 1947931 a composite number?
True
Is 9181 prime?
True
Is 1580129 a composite number?
True
Is 99347 composite?
False
Is 93085 prime?
False
Is 24659 a prime number?
True
Is 31483 a composite number?
True
Is 153971 prime?
False
Is 473687 composite?
True
Is 648841 a prime number?
True
Is 296299 a prime number?
True
Is 361229 composite?
True
Is 58427 composite?
False
Is 76207 composite?
False
Is 294731 prime?
True
Is 237979 composite?
True
Is 30413 a prime number?
False
Is 8813 a prime number?
False
Is 149639 a prime number?
False
Is 366433 composite?
False
Is 43843 a composite number?
True
Is 123577 prime?
False
Is 971513 a composite number?
False
Is 84499 a composite number?
False
Is 198133 a prime number?
False
Is 48703 a prime number?
False
Is 589907 a composite number?
True
Is 132607 a prime number?
True
Is 47935 composite?
True
Is 131 a prime number?
True
Is 1135363 a prime number?
True
Is 381153 prime?
False
Is 1339 composite?
True
Is 91477 a composite number?
True
Is 5711 a composite number?
False
Is 10039 a composite number?
False
Is 821131 prime?
True
Is 10963 prime?
False
Is 2130367 a composite number?
False
Is 324743 a composite number?
False
Is 63951 composite?
True
Is 187027 a composite number?
False
Is 1165751 prime?
True
Is 76903 composite?
True
Is 275053 prime?
True
Is 4963 prime?
False
Is 2573 a composite number?
True
Is 25733 composite?
False
Is 178363 prime?
False
Is 7717 a composite number?
False
Is 233621 a prime number?
True
Is 37119 prime?
False
Is 186547 a prime number?
False
Is 362603 composite?
True
Is 314729 prime?
False
Is 134989 composite?
False
Is 6613 composite?
True
Is 5873 composite?
True
Is 25609 a prime number?
True
Is 27707 prime?
False
Is 16979 a prime number?
True
Is 573263 a prime number?
True
Is 54523 composite?
True
Is 90583 a composite number?
False
Is 84943 prime?
False
Is 44531 a prime number?
True
Is 365291 prime?
True
Is 31399 composite?
True
Is 48401 prime?
False
Is 148907 prime?
False
Is 1217 a composite number?
False
Is 27121 a composite number?
True
Is 58 composite?
True
Is 2361 prime?
False
Is 12437 composite?
False
Is 39499 composite?
False
Is 50909 composite?
False
Is 83023 prime?
True
Is 2459 a composite number?
False
Is 1354283 prime?
False
Is 98827 composite?
True
Is 55509 a prime number?
False
Is 8673287 a composite number?
True
Is 20981 a prime number?
True
Is 3207 a prime number?
False
Is 14257 prime?
False
Is 21265 prime?
False
Is 3371 composite?
False
Is 259801 a composite number?
False
Is 2647 a composite number?
False
Is 12151 a composite number?
True
Is 431 a prime number?
True
Is 94222 a composite number?
True
Is 53479 a composite number?
False
Is 3389 prime?
True
Is 51565 a composite number?
True
Is 4327 a prime number?
True
Is 27041 a composite number?
True
Is 97705 a composite number?
True
Is 14969 composite?
False
Is 9643 prime?
True
Is 87793 prime?
True
Is 5482 a prime number?
False
Is 676337 a prime number?
True
Is 2551 a composite number?
False
Is 8797 prime?
False
Is 42803 prime?
False
Is 761789 a prime number?
False
Is 1993 a prime number?
True
Is 485131 a composite number?
False
Is 289313 a prime number?
False
Is 5928983 composite?
False
Is 1745837 a composite number?
True
Is 74351 prime?
False
Is 1187 a prime number?
True
Is 284369 a composite number?
False
Is 4357 prime?
True
Is 46289 prime?
False
Is 1041 a prime number?
False
Is 18455 a composite number?
True
Is 346189 a composite number?
True
Is 1001371 a composite number?
True
Is 140109 a prime number?
False
Is 897761 composite?
True
Is 31247 composite?
False
Is 962279 a prime number?
False
Is 10579 prime?
False
Is 2243 a composite number?
False
Is 286061 a prime number?
True
Is 37643 a composite number?
False
Is 1476253 a prime number?
True
Is 2551 prime?
True
Is 61861 a prime number?
True
Is 1232809 a composite number?
False
Is 1147 a prime number?
False
Is 2729 prime?
True
Is 36653 composite?
False
Is 1823 prime?
True
Is 256163 a prime number?
True
Is 9047 composite?
True
Is 96423 a prime number?
False
Is 5987 a composite number?
False
Is 4358 a prime number?
False
Is 449 a composite number?
False
Is 1147613 prime?
True
Is 781581 a composite number?
True
Is 35609 a composite number?
True
Is 168643 a prime number?
True
Is 15877 composite?
False
Is 3821 composite?
False
Is 33707 composite?
True
Is 634549 prime?
False
Is 1931 prime?
True
Is 232699 a prime number?
True
Is 71909 composite?
False
Is 102359 prime?
True
Is 106387 a composite number?
True
Is 9235 a composite number?
True
Is 150473 a composite number?
False
Is 35729 composite?
False
Is 125371 prime?
True
Is 905837 a prime number?
False
Is 1243739 composite?
True
Is 37423 composite?
False
Is 395155 composite?
True
Is 311323 a composite number?
False
Is 296437 a prime number?
True
Is 7841 a composite number?
False
Is 36731 composite?
True
Is 730441 a prime number?
False
Is 4513 prime?
True
Is 307831 a prime number?
True
Is 7817 prime?
True
Is 42193 prime?
True
Is 2179 composite?
False
Is 23223 composite?
True
Is 392201 a prime number?
True
Is 1931 a composite number?
False
Is 8039 prime?
True
Is 1367 composite?
False
Is 488861 a composite number?
False
Is 325727 composite?
True
Is 43333 a prime number?
False
Is 351077 prime?
True
Is 25131 prime?
False
Is 29515 a prime number?
False
Is 96891 composite?
True
Is 17567 prime?
False
Is 68803 composite?
True
Is 286354 prime?
False
Is 8641 prime?
True
Is 1096127 composite?
False
Is 4279 a composite number?
True
Is 9467 a prime number?
True
Is 1540603 a composite number?
False
Is 19559 composite?
False
Is 205759 a composite number?
False
Is 216113 prime?
True
Is 716746 a composite number?
True
Is 43373 a composite number?
True
Is 84773 a prime number?
False
Is 110541 composite?
True
Is 38723 a prime number?
True
Is 710777 a prime number?
True
Is 1337 a composite number?
True
Is 432721 composite?
False
Is 187631 composite?
False
Is 7121 prime?
True
Is 30307 a prime number?
True
Is 91009 prime?
True
Is 9517 a prime number?
False
Is 317881 prime?
False
Is 1824659 a composite number?
True
Is 6339157 composite?
True
Is 95447 composite?
True
Is 20323 a prime number?
True
Is 75347 composite?
False
Is 5833 prime?
False
Is 6362 prime?
False
Is